(i) - 2*s(i). Give z(n).
5
Let y(q) = 2*q - 1. Let n(h) = -2*h. Let u be 2*(-3 + (3 - 2)). Let m(s) = u*n(s) - 3*y(s). Let f be ((-8)/1)/2 + 0. Give m(f).
-5
Let j(p) = -17*p + 1. Suppose s = 0, -s = 4*h - 3 - 1. Give j(h).
-16
Let b(v) = 4*v - 3. Let z = 16 + -2. Suppose -5*r + 4 + 16 = 0. Suppose a + a + 4 = 5*n, -z = -n - r*a. Determine b(n).
5
Let j(n) = 14*n + 5*n - 21*n. Calculate j(4).
-8
Let u(z) = z + 3. Suppose 0 = -2*f - 26 + 18. Calculate u(f).
-1
Suppose 5*g - 179 + 49 = 0. Let a = 33 - g. Let c(w) = -w. Calculate c(a).
-7
Let o(a) = 5*a. Suppose -20 = 90*t - 86*t. Determine o(t).
-25
Let z be (-10)/(-4)*(-2 + (-6)/(-5)). Let u(j) be the first derivative of j**3 - j**2/2 - j + 2. Give u(z).
13
Let y = 2 + -3. Let a be y - 0/(-3*1). Let r = 1 - a. Let f(n) = -n**3 + 2*n**2 + n - 2. Calculate f(r).
0
Let z(r) be the second derivative of -1/20*r**5 + 1/2*r**2 + 6*r - 1/6*r**3 + 0 + 0*r**4. Determine z(2).
-9
Suppose -2*n + 9 = 3. Suppose n*q + 9 = 3*m - 9, 0 = q - 4*m - 9. Let f = q + 15. Let t(z) = -z**3 + 4*z**2 - z - 3. Give t(f).
-7
Suppose -5*q = -10*q. Let t(a) be the third derivative of 1/60*a**5 + 1/4*a**4 - a**2 + q + 0*a + a**3. Determine t(-4).
-2
Let k(u) be the first derivative of 1/2*u**2 + 5*u - 1/3*u**3 + 1. Give k(4).
-7
Let m(g) be the second derivative of -g**3/6 + g**2 - 5*g. Determine m(1).
1
Let q(h) = h**3 + 6*h**2 - 3. Let y(p) = 2*p**3 + 7*p**2 - p - 2. Let m(o) = 3*q(o) - 2*y(o). Calculate m(4).
3
Let l(m) = m**2 - 10 + 23 - 2*m**2 + m. Give l(0).
13
Let g = 71 + -76. Let v(h) = -h**2 - 6*h + 6. What is v(g)?
11
Let s(f) = -f**2 - 7*f - 4. Let h(k) = 2*k**2 + 10*k + 6. Let j be h(-3). Determine s(j).
2
Suppose -2*s - 2*j = 2*s + 14, 5*s + 5*j + 25 = 0. Let q be (s/(-3))/((-4)/(-6)). Let u(f) be the first derivative of -5*f**2/2 - f + 2. What is u(q)?
-6
Let k(r) = -3 + r**2 - 5 + 10 + 3*r. Give k(-2).
0
Let c(l) = -l**2 + 1. Let f(z) = 9*z**3 - 5*z**2 + z + 5. Let q be ((-2)/10)/((-1)/5). Let j(s) = q*f(s) - 5*c(s). Determine j(-1).
-10
Let i(m) be the second derivative of -m + 0 + 1/2*m**3 - 1/4*m**4 - m**2 - 1/20*m**5. Determine i(-4).
2
Let z(a) be the first derivative of -3*a**2/2 - 18. Let m be (1 + -2)*2 - 1. What is z(m)?
9
Let f(i) be the second derivative of -i**3/6 - i**2 + 19*i. What is f(-8)?
6
Let y(k) be the third derivative of -k**6/120 - k**4/24 + k**3/6 - 12*k**2. Suppose 3*u + u = -4*g + 4, -2*g = -2*u + 6. Calculate y(u).
-9
Let m(s) = -4*s + 4*s - s**2 + 2. Suppose -g - 3 = -1. Determine m(g).
-2
Suppose 0 = -v - 3, 0*q + q - v = 3. Suppose -5*x - 5*j + 30 = q, 4*x + 9 = 4*j + 1. Suppose -x = -4*f + 10. Let c(k) = -k**3 + 2*k**2 + 3*k - 3. Give c(f).
-3
Let s(a) = a - 5. Let j be (3/6)/(1/10). Suppose 2*o + j = -u + 12, 4*u - 16 = -5*o. Calculate s(o).
-1
Let w(j) be the second derivative of -j**4/12 + 4*j**3/3 - j**2/2 - 10*j. Give w(6).
11
Suppose 0 = 3*d + 9, d + 2*d + 26 = -w. Let i = -11 - w. Let u(l) = -l**3 + 7*l**2 - 8*l + 9. Give u(i).
-3
Let y be 3/6*(-1 - -5). Let u(i) = y - 2*i**2 - 1 + i**2 - i. Suppose -3*t + 0 = 4*p + 7, -3 = 5*p - 2*t. Calculate u(p).
1
Let q(o) = 2*o**3 - 2*o**2 + 3*o. Let w(h) = 9*h**3 + h**2 - 2*h + 1. Let i be w(1). Let x be 2/10 + i/5. Calculate q(x).
14
Let s(u) be the first derivative of u**2 - u + 8. Calculate s(3).
5
Let j(l) = -8 - 4*l + 2 + 1 + 5*l. Give j(0).
-5
Let k(j) = -4 + 29*j**3 - 2*j - 2*j - 28*j**3 + 9 + 5*j**2. Determine k(-6).
-7
Suppose -p = 4*h + 3 - 2, 0 = -2*h - 5*p - 5. Let s(m) = -m**2 + m - 7. Calculate s(h).
-7
Let n be -3*(24/(-9))/4. Let l be (4/(-6))/(6/(-27)). Let g(f) = 2 + 0*f**3 - l + 3*f - 5*f + f**3. Give g(n).
3
Let q(w) = 4*w + 6 - 7*w**2 + 12*w**2 - 12*w**2 + w**3. Give q(6).
-6
Let z(c) be the first derivative of -c**3/3 - 4*c**2 - 9*c + 24. Let i = -14 + 8. What is z(i)?
3
Let a(t) = -4. Let v(g) = -g + 1. Let i(u) = -a(u) - 4*v(u). Give i(2).
8
Let g(w) = 5*w**2 + 10*w + 3. Let h(q) = -4*q**2 - 9*q - 2. Let p(c) = 5*g(c) + 6*h(c). Give p(2).
-1
Let u(w) = w**3 - w + 2. Suppose l = -2*l + 12. Suppose -2*g - 5*b = 12, 3*g + 4*b = 2*b + l. Suppose 0 = -z - g*z. Calculate u(z).
2
Let u be 1 + -4 - (-3 - 7). Let m(p) = -p. Give m(u).
-7
Suppose 4 = -p + 8. Let w be (-1 + -4)*p/10. Let d(j) = -j**3 - 3*j**2 - 2*j - 2. Calculate d(w).
-2
Let h(b) = b - 7. Let v(t) = t - 6. Let y(a) = -3*h(a) + 2*v(a). Determine y(0).
9
Let m(i) = -i**3 - 5*i**2 + 8*i + 3. Let g(z) = -z**3 - 4*z**2 + 7*z + 3. Let o(w) = -5*g(w) + 4*m(w). Determine o(-2).
-5
Let g(z) = -z**3 + z**2 - z + 4. Let s = 20 - 13. Let b(y) be the first derivative of -y**4/4 + 7*y**3/3 + y**2/2 - 7*y + 1. Let n be b(s). Calculate g(n).
4
Let g(f) be the first derivative of -f**4/12 + f**3 - 5*f**2/2 - 2*f - 1. Let p(v) be the first derivative of g(v). Suppose -3*n = -10 - 2. Give p(n).
3
Let n(t) = t**2 - 3*t - 3. Let a be (4 - 1)*(-42)/(-9). Suppose 3*k - k = 4, -4*k + a = -2*v. Let p = 6 + v. Calculate n(p).
-3
Let q(d) = 6*d - 10*d**2 - 7*d + 11*d - 11 - 13*d**3 + 14*d**3. Determine q(9).
-2
Let g = 3 - 7. Let f = g + 4. Let h(o) = 4*o + 4. Let y(m) = -3*m - 4. Let n(k) = -2*h(k) - 3*y(k). Determine n(f).
4
Let c(l) be the second derivative of -l**8/6720 - l**6/240 + l**5/40 + l**4/12 + 2*l. Let n(w) be the third derivative of c(w). Calculate n(2).
-11
Let y(z) = z**2 + 7*z - 4. Let r(p) = -2*p - 14. Let n be r(-6). Let u be (4 - 2)*(n + -1). Calculate y(u).
-10
Let o(u) = 3*u**3 + 2*u**2 - u. Let i be o(1). Let n(w) = -4 + 2 + 3 - 9 - i*w + w**2. Calculate n(6).
4
Let y(a) = 7*a + 0*a - 2*a. Let s be -6 + 1 + 10 + -4. What is y(s)?
5
Let v(z) be the second derivative of z**4/12 - z**3/6 - z**2/2 + 9*z. Let m be ((-7)/4)/((-2)/(-8)). Let y be 2/m + (-10)/14. Determine v(y).
1
Suppose -10 = 5*p, -4*p + 42 = 4*t - 14. Let l(s) = -2 + 18*s**2 - s + 0 - 2*s - t*s**2. Suppose 9 = -4*c + 3*c + 4*m, -4*m = -5*c + 3. Calculate l(c).
7
Let w(o) = o**3 + 3*o**2 + 2*o - 4. Suppose 0 = 2*z - 0 + 2. Let r(x) = -x**2 + 9*x + 8. Let a be r(10). Let d = z + a. What is w(d)?
-10
Suppose 0 = -8*n + 3*n + 20. Let m be 11/4*n/1. Let a(s) = -s. Let w(g) = 6*g. Let h(y) = m*a(y) + 2*w(y). Determine h(4).
4
Let s(h) be the first derivative of h**4/4 + 2*h**3/3 - 3*h**2/2 - h - 2. What is s(-3)?
-1
Let z(a) = -a**3 + a**2 + 1. Let x(p) = 5*p**3 + 3*p**2 + 7*p + 1. Let g(w) = -x(w) - 4*z(w). Suppose -52 + 22 = 2*v. Let q = v + 9. What is g(q)?
1
Let q(z) = -2*z + 13. Suppose -15 = 3*a, -2*p = a + 4*a + 17. Let o(n) = n - 6. Let b(g) = p*q(g) + 9*o(g). Give b(2).
0
Let r be 1 - (-3 + -1 + 3). Let d(f) = f - 8 - r*f + 1. Let x = 43 + -49. Determine d(x).
-1
Let z = -2 - -9. Let i(d) = d**2 - 6*d - 9. Determine i(z).
-2
Let q(f) = f**2 - 10*f - 8. Suppose 0*p - 7 = -p. What is q(p)?
-29
Let d = -1 + 3. Let k(o) = 1 + 10*o**2 - 6*o**2 - 4*o**2 - o - 3*o**d. What is k(1)?
-3
Let t(m) = -9*m + 1 + 0 + 0*m + 5*m. Give t(5).
-19
Let o(k) = 3*k + 8*k**3 - 7*k**3 - 4*k**2 - 3 + 0. Let j = 14 + -11. Determine o(j).
-3
Let d(v) = 7*v**2 - 5*v - 11. Let g(z) = 15*z**2 - 10*z - 23. Let h(m) = -13*d(m) + 6*g(m). Let q(p) = p**2 + 2*p - 3. Let a be q(-4). Give h(a).
5
Suppose k = 2 + 7. Let z(u) = -u + 0*u - k + 0. Let w be z(-6). Let t(a) = 2*a**2 + 3*a - 3. Determine t(w).
6
Suppose -3*c = 5 + 4. Let l be (-55)/15 + 1/c. Let d(y) = y + 7. Determine d(l).
3
Let v(n) be the second derivative of n**4/12 - n**3 - 3*n**2/2 - 5*n. What is v(5)?
-8
Let i(o) be the third derivative of 7/24*o**4 - 2/3*o**3 + 1/60*o**5 + 0*o + 0 - 5*o**2. Determine i(-7).
-4
Suppose -9*n - 4 = -11*n. Let t(f) = f**3 - 3*f**2 + 1. Let i be t(3). Let r(z) = 3 - i + z**n - 3*z**2 - z - 2*z. Give r(-3).
-7
Let p(x) = 6*x**2 - 8*x - 1. Let g(n) = 3*n**2 - 4*n. Let j(q) = 5*g(q) - 2*p(q). Determine j(2).
6
Suppose -o - 3 = -1. Suppose -2*j = 4*h - 12, 2*h = j - 0*j + 2. Let v(d) = 0*d + 3*d - j - 3*d + 2*d**2. Give v(o).
6
Suppose 3*q + 0 = 6. Let h = q - -1. Suppose 20 = h*v + 5. Let i(n) = n**3 - 5*n**2 - 2. Calculate i(v).
-2
Let f(d) = 16*d - 5 - 3*d**3 + 4*d**3 - 37*d - 7*d**2 + 28*d. Give f(6).
1
Let l(n) = 3*n**3 - n - 1. Suppose 0 = -5*h - 4 - 1. Let w be l(h). Let p(z) = 5*z + 3. Determine p(w).
-12
Suppose b + 2*b = 3*k - 39, -4*b = 20. Suppose 14*f - 10*f - k = 0. Let n(z) = z + 1 + 1 - 6*z. Give n(f).
-8
Let j b